mber?
False
Suppose j + 2*z = 396 - 1158, 0 = -5*j - 2*z - 3826. Let v = -512 - j. Is v a composite number?
True
Suppose -n + 3*n = z - 3513, 4*z = -5*n + 14000. Is z composite?
True
Is 2/(4/15886) + 170/(-85) a composite number?
True
Suppose 0*p - p + 5 = 0. Suppose -2*i + 1293 = -8*n + 3*n, 0 = -p*i - n + 3165. Is i a prime number?
False
Let t = 19617 + -5072. Is t a composite number?
True
Let w be -1*(-2 - 3 - -2). Suppose 2*b - w = 9. Suppose -b*h - 1119 = -9*h. Is h prime?
True
Is -2*(-9)/(-42) + (-83740)/(-14) a prime number?
True
Let j(z) = 216*z**3 - z**2 + 12*z - 17. Is j(2) composite?
True
Is (10/((-100)/349390))/(-1) prime?
True
Suppose 8 = 2*p + 2*p. Suppose 2*o = 4*q - 2298, 4*q - 1039 - 1239 = -p*o. Suppose 0 = -2*z - 2*z + q. Is z composite?
True
Let v(u) = 8*u - 6. Let z be v(15). Suppose -5*w + z = 2*y - 762, -5*y = -w - 2217. Is y a prime number?
True
Let d be (-24)/(-4 - (2 + -5)). Let w = -4 + d. Suppose 0 = y + 3*u, -5 = -2*y - u + w. Is y composite?
True
Suppose 2*f = 2*i, -3*i = 5*f - 0*i - 24. Suppose 5*p - 5*w - 2780 = 0, -4*p + 0*w = -f*w - 2221. Is p a prime number?
False
Suppose -37 = -5*s + z + 2*z, -5*s + 2*z = -33. Suppose s*x - 1691 = -166. Is x a composite number?
True
Let f(w) = -w**2 + 56*w - 34. Is f(19) prime?
False
Suppose -24*m + 546648 = -176832. Is m composite?
True
Suppose 4*i = 4*b + 22 - 2, 0 = i - 4*b - 20. Suppose 4*o - a - 11376 = 0, i = -4*o - 5*a + 3409 + 7943. Is o prime?
True
Let h(z) = 242*z**3 - z**2 + 2*z - 2. Let v be h(1). Suppose 2*r - 3*r - 990 = -4*j, 0 = j + 3*r - v. Is j composite?
True
Suppose 312 = -4*j + 940. Is j prime?
True
Let h(k) = -12*k - 29. Is h(-5) composite?
False
Is 388*(3 + 0 + 670/8) composite?
True
Is 366/(-2013) - 9206/(-22)*139 composite?
True
Suppose 14 = -p - 3. Let f = -12 - p. Suppose 3*m - 756 + 267 = -3*u, -4*u + 818 = f*m. Is m composite?
True
Let b(g) = g**3 + g**2 + 3*g + 13501. Is b(0) a composite number?
True
Let v(c) = c + 14. Let j be v(-5). Suppose 3*r = 5*g - 4*g + j, 4*g + 15 = 5*r. Suppose r*d - 2*k - 882 = k, 3*d = -k + 886. Is d a composite number?
True
Let o = 543 - 383. Let i = 807 + o. Is i a composite number?
False
Is -148*(2 - (-974)/(-8)) prime?
False
Is 6 + 1821 + (8 - -2) prime?
False
Let k(p) = -p**3 - 5*p**2 - 3*p + 4. Let x be 28/(-6) - (-20)/30. Let g be k(x). Suppose n + 0*n - 371 = g. Is n a composite number?
True
Suppose 0 = 5*z - 21*q + 16*q - 15840, 5*z - 15820 = q. Is z a composite number?
False
Suppose -3677*q = -3682*q + 27695. Is q a prime number?
False
Let x(r) = 4*r + 36*r**2 - 3*r + 2*r - 1. Suppose 2*a - n - 4 - 4 = 0, 0 = -5*a - 2*n + 2. Is x(a) a prime number?
True
Let h(q) = -172*q - 16 - 39*q + 7 - 57*q. Is h(-2) prime?
False
Is ((-30948)/(-10) - 4)*(-10)/(-4) a prime number?
True
Let o(s) = -s**3 + 9*s**2 + 11*s - 4. Let r be o(10). Suppose -3*d = -6*d + r. Suppose 0 = d*t + 4*h - 26, -2*t - 3*h = 2*t - 27. Is t a composite number?
False
Suppose -a + 583 = 4*m + 130, 2*a = 2. Let u = m - 64. Is u a composite number?
True
Let h be (-6)/12*1*-10. Suppose 20 = h*c + 3*n - 7*n, -4*c = -3*n - 16. Suppose c*l = -70 + 226. Is l a prime number?
False
Let x(v) = 2*v - 2. Let m(t) = 19*t - 9. Let c(i) = -m(i) - 4*x(i). Suppose -4*w - 24 = p, 2*p + 3*p = w - 36. Is c(p) a composite number?
False
Suppose -d + 3*f = -5*d - 130, -2*f - 4 = 0. Let r = d + -35. Is (8 - 7)*(-1 - r) prime?
False
Let y(h) = -244*h + 2. Let o be y(-2). Let t be 2/(-16) - (-79797)/(-536). Let k = o + t. Is k composite?
True
Let i(q) = -q**3 - 17*q**2 - 69*q - 57. Is i(-22) a prime number?
True
Let t be (4/(-14))/((-4)/28). Let k be (-3)/t + 64836/24. Suppose -4*o = o + 5*a - k, 0 = -3*o + 5*a + 1596. Is o a composite number?
True
Suppose 174*l - 2388855 = 153*l. Is l composite?
True
Let n(s) = 176*s**2 + 2*s - 1. Let g be n(1). Suppose -3*m + 5598 = g. Is m a prime number?
False
Suppose 5*j - 113656 = -3*i, -16*i + 13*i = -j + 22742. Is j a composite number?
True
Suppose 3*o - 15082 = -d, -7039 = -5*d - 5*o + 68341. Is d prime?
True
Let q(x) = 9*x**2 + 7*x + 1. Let p be q(-5). Suppose 17*z - p = 16*z. Is z prime?
True
Let l(j) = -19*j - 13. Let u(n) = -1. Let h(r) = -l(r) + 4*u(r). Let q(p) = -19*p - 10. Let o(g) = -6*h(g) - 5*q(g). Is o(-3) a prime number?
True
Let s be ((-50)/(-3))/((-1)/(-3)). Let j = s + -4. Is j a prime number?
False
Let m = -16 - -4. Let n be 3/(-9)*(m + 6). Suppose -3*f + i = -1331, -3*f + n*i = f - 1776. Is f a composite number?
False
Let m(d) = -2*d**3 + 37*d**2 + 11*d + 13. Is m(17) a composite number?
True
Suppose -3*m + 2*p + 14 = -0, 5*m = -5*p - 10. Suppose 3*q + m*l - 128 = 113, 163 = 2*q - l. Let n = -58 + q. Is n a prime number?
True
Let f be (2/(-4) + 1)*0. Suppose f = -u - 2*y + 195, 0*u - 5*y - 426 = -2*u. Is u a composite number?
True
Is (12/16)/3*180028 a composite number?
False
Let d = -8 + 11. Suppose -d*o = -2 - 7. Suppose -o*m = -4028 + 1163. Is m prime?
False
Let c be 3*(1 + -2) + 8. Suppose c = h - 6*h. Is ((-2)/(-4))/(h/(-298)) a composite number?
False
Let d be ((-18)/21)/(3/(-14)). Is d/26 - 60540/(-260) prime?
True
Is 1/(-5) - 40626/(-305) composite?
True
Let t(y) = 321*y - 3. Let x be t(1). Is x/(-8)*-2*(-12)/(-9) a composite number?
True
Let o = 11959 - 5672. Is o a prime number?
True
Let w be (-1)/2*(-6)/9*6. Let p(z) = z**3 + 7*z**2 - 9*z - 3. Let y be p(-8). Suppose -y*q = -w*q - 63. Is q a composite number?
True
Suppose 4 = -4*p, 3*p - 4656 = -2*t + 1099. Is t prime?
True
Is 23290 - 1/(-4)*52 a prime number?
False
Let a = 36 + -2. Let d = -11 + a. Let c = d + -12. Is c a prime number?
True
Suppose 0*k + 4*k - 27726 = -2*b, -k - 4*b + 6935 = 0. Is k a prime number?
False
Let o = -28 + 32. Suppose -o = 10*y - 8*y. Is (-12)/y + -4 - -143 composite?
True
Suppose -66 + 9 = x - 4*q, 0 = -5*q + 10. Let y = x + 116. Is y composite?
False
Let i be ((-28)/(-5) - 5)/((-1)/15). Let j(y) = 12*y**2 - 13*y - 22. Is j(i) composite?
True
Suppose -u = -3*u + 1130. Let j = u + -402. Is j prime?
True
Suppose -14 = -j + 4*k, -j - 17 - 4 = 3*k. Let p be (-1 - -7)*(-4)/j. Suppose 87 = -p*n + 227. Is n prime?
False
Let b = -7552 + 15489. Is b composite?
False
Is (-3639)/(92/(-20) - 1 - -5) a composite number?
True
Let d(s) = 180*s**3 - s**2 + 2*s - 2. Let r be d(2). Suppose r = 6*a - 4*a. Is a a prime number?
True
Let v be (-57 + 6)*(-13 + -2). Let q = 1439 - v. Suppose -f + q = f. Is f composite?
False
Let v(l) = l**2 + 24*l + 39. Let k be v(-22). Is ((-19496)/32)/(1 + k/4) a composite number?
False
Suppose -146*j - 123135 = -149*j. Is j a composite number?
True
Suppose -3*m + 17 = 5*i + 5, i - 8 = -2*m. Is m/14 + (-12396)/(-28) a prime number?
True
Suppose -5104 - 31128 = -8*z. Is z a prime number?
False
Is 20480/24 + (3 - (-40)/(-12)) a composite number?
False
Suppose j - 5*j - 322 = -2*v, 0 = -3*v - j + 476. Suppose 0 = -n - 3, 2*y = 2*n - 7*n - 143. Let m = y + v. Is m composite?
True
Suppose 4*l = -0*u - 4*u + 1272, u + 312 = l. Suppose 0 = 4*a - 281 - l. Is a composite?
False
Let t be (5 + 0)/((-15)/(-5) + -2). Suppose 0 = -t*p - 44 + 6049. Is p prime?
True
Let p = 2549 + -4106. Let m = -44 - p. Is m prime?
False
Let w = 28 - 25. Suppose 924 = -w*r + 4386. Let i = r - 487. Is i a composite number?
True
Let j(l) = l**3 + 15. Let s(f) = -f**3 - 13*f**2 - 13*f - 12. Let k be s(-12). Let p be j(k). Suppose p*v = 10*v + 35. Is v a composite number?
False
Suppose 3*v - v = -3*o + 275, -5 = -o. Suppose -r - 3 = -v. Let z = -74 + r. Is z a prime number?
True
Is (-1115592)/(-14) - (40/35 - 1) prime?
False
Suppose w = -4*x - 69, -5*w - 89 = 8*x - 4*x. Let y be (1*-2)/((-2)/39). Let j = y + x. Is j composite?
False
Suppose -4*f - 19 = -s, -s + 4*s = 2*f + 17. Suppose -4*a = -s*t + 2*t + 143, -a - 772 = -5*t. Is t - (-4 + (1 - -1)) prime?
True
Let g = -19 + 19. Suppose 4*f - 9925 = -5*k - g*k, -3*k + 5955 = -5*f. Is k a composite number?
True
Let g = -7 + 8. Let u(z) = z - 1. Let q be u(g). Suppose q*j + 4*j - 2212 = 0. Is j composite?
True
Let p = -25 - -30. Suppose -p*l - 173 = -0*z + 3*z, l + z = -35. Is (-11082)/(-4)*l/(-51) prime?
True
Let o = -80 + 116. Let r(t) = 27*t**2 + 4*t - 2. Let s be r(3). Suppose -n + s = o. Is n a prime number?
False
Suppose 18*r - 20*r = 0. Let z = -11 + 15. Suppose 5*q + r*m - 477 = -z*m, 